ivided by h.
0
Suppose -253*t - 175791 + 310594 = -229770. What is the remainder when t is divided by 66?
55
Calculate the remainder when (-5 - (5 + -14))/((-2)/(-172)) is divided by 23.
22
Suppose -o + 3*o = 2*w + 728, -1088 = -3*o + 5*w. Calculate the remainder when o is divided by (-8 - 363/(-54))/((-2)/(-6))*-6.
21
Suppose -126*r + 1416 = -4506. What is the remainder when 632 is divided by r?
21
Calculate the remainder when ((-20)/24 - (-1085)/294)*1708 is divided by 24.
8
Let q(d) = 3*d**2 - 82*d + 360. Calculate the remainder when 1250 is divided by q(23).
30
Let p(w) = -w**3 - 3*w**2 - 24*w - 68. Let m = -11 - 5. Let y = -5 - m. What is the remainder when y is divided by p(-3)?
3
Let t be 6/(-4)*64/(-12). Let b = 11 - t. What is the remainder when 133 is divided by (34 - b) + -4 + 7?
31
Let y(z) = -4*z**2 - 208*z - 281. What is the remainder when y(-13) is divided by 356?
323
Suppose 2*a = 3*f + 248, 3*a - 206 = -2*f + 166. Let w = -229 - -261. What is the remainder when a is divided by w?
28
Suppose -48*b - 28 = -41*b. Suppose 0 = -3*v + 3*a - 5*a + 29, -63 = -5*v + 4*a. Calculate the remainder when 125/(-4)*-1 + (-3)/b is divided by v.
10
Let h be (-6)/(-6)*(10 + -2). What is the remainder when (24*3)/(h/24) is divided by 17?
12
Let s(v) = 32*v**3 + 1919*v**2 - 59*v + 80. Calculate the remainder when 198 is divided by s(-60).
18
Let w = 16558 + -16545. What is the remainder when -21*((-30)/7 - 0) is divided by w?
12
Suppose -4540 = 4*t - 24*t. Suppose 2*a = -15*a + 561. What is the remainder when t is divided by a?
29
Calculate the remainder when (18/30 + (-10)/(-25))*161 is divided by 32.
1
Calculate the remainder when 9203 is divided by 1/(-7) + 136/(-28) + (54 - 43).
5
Suppose -5*v = -2*v - 87. Let l be (-4 - (-5 - 1))/(3 - 2). Suppose -l*w + 119 = -0*w + i, -4*w + 5*i + 203 = 0. Calculate the remainder when w is divided by v.
28
Let x(h) = -49*h + 734. Calculate the remainder when 181 is divided by x(14).
37
Let v(i) = 230 - 106 + 14*i - 108 - 2*i + i**2. Suppose 3*q + 4 = 2*q, 3*q - 43 = 5*a. What is the remainder when v(a) is divided by 3?
2
Calculate the remainder when ((-4090)/20 + 42)*26/(-5) is divided by 91.
26
Let t(n) = 8*n**2 - 3*n + 22. Let f be t(5). Suppose -5*y + 3*j + 144 = -201, j = -3*y + f. Calculate the remainder when y is divided by 24.
21
Suppose -4*m + 2*m = -4. Suppose -3*p = -r + 25, 5*p = m*r + 3*r - 75. Let a = r + -8. What is the remainder when 13 is divided by a?
1
Let s = 158 - -205. Suppose 0 = -3*w + 2*l + 10, l + 0 + 5 = 0. Suppose 11*r - s = -w*r. What is the remainder when r is divided by 12?
9
Let c(m) = -3*m**2 + 26*m + 10. Let h be c(7). Suppose 3*y = 18*y - h. Calculate the remainder when 27 is divided by y.
0
Suppose 5*o + 5*z - 367 = 938, 5*o - 2*z = 1326. Let k = -164 + o. Suppose -2*x + 31 = -b + 4*b, 4*b = -x + 13. What is the remainder when k is divided by x?
15
Suppose 585 = 7*p - 493. Let n = p - 141. Calculate the remainder when 114 is divided by n.
10
Suppose 73 + 1423 = 11*w. Suppose q + 55 = w. Calculate the remainder when q is divided by 28.
25
Let m(s) = -s**3 + 7*s**2 - 3*s - 2. Suppose -2*w = 3*u + 1, -u + 4 = -3*w - 6*u. Let a be m(w). What is the remainder when 5/(-10)*(a + 1) is divided by 5?
1
Let b = 47 + -46. Let r(m) = -3*m - 8 + 0 - 5 + b. Calculate the remainder when r(-6) is divided by 5.
1
Let r = 768 - 749. Suppose r*h = 2360 - 631. What is the remainder when h is divided by 48?
43
Suppose 2*w + 6 - 40 = 0. What is the remainder when (77 - 1) + (-3 - (-4)/1) is divided by w?
9
Suppose 0 = 22*j - 13*j - 1188. Calculate the remainder when 1050 is divided by j.
126
Suppose -p = d - 4*p - 19, -3*p = 3*d + 3. Suppose -2*a - 590 = -4*b, 15*b - 16*b = d*a - 125. What is the remainder when b is divided by 25?
20
Let r(f) = 7*f**2 - 17 - 2*f**3 - 5*f**3 - 9*f + 8*f**3. Suppose 87*y = 72*y + 180. What is the remainder when r(-7) is divided by y?
10
Suppose 3*f + 5*x - 15 = 854, 0 = 2*f - 3*x - 611. Suppose 451 - f = 3*a. Calculate the remainder when a is divided by 11.
7
Suppose w - 3*b = 17, 0 = 5*w + 4*b + b + 15. Suppose -5*y + 5*u = -45, 2*u + 16 = -w*u. Calculate the remainder when 23 is divided by y.
3
Let p be ((-488)/(-12))/(10/(-15)). Let s = p - -75. Calculate the remainder when 20 is divided by s.
6
Let f(z) = z**3 - 72*z**2 - 164*z - 1134. What is the remainder when f(75) is divided by 127?
12
Let x = -4 + 36. What is the remainder when x is divided by (1 - 7/9)/(47640/5940 - 8)?
10
Suppose 18 = l + 5. Let i(r) = 2*r - 26. Let u be i(l). Suppose -o - 5*m = -38, 0 = -o + 3*m - u*m - 2. What is the remainder when 35 is divided by o?
9
Suppose 4*b = 8*k - 4*k - 11644, -k - 2*b = -2908. Calculate the remainder when k is divided by 52.
50
Let y = -11436 + 11452. Calculate the remainder when 2045 is divided by y.
13
Let o = 6537 - 6502. Suppose -d + 12 = -8. Calculate the remainder when o is divided by d.
15
Let q(a) = -9*a**2 - 138*a + 6. Let z(v) = 7*v**2 + 137*v - 7. Let b(u) = -3*q(u) - 2*z(u). What is the remainder when b(-11) is divided by 13?
3
Suppose -3*f - 2*x + 134 = 0, f - 9*x - 54 = -5*x. Suppose f = 3*c - 5*z, 52 = 4*c - z - z. What is the remainder when 35 is divided by c?
11
Let x = 2 + -2. Suppose -56*t - 198 + 1194 = 27*t. Calculate the remainder when (-14 + 0)*(x - 4) is divided by t.
8
Let q be (17 - 16)*7500/(-1). Calculate the remainder when q/(-84) - 8/28 is divided by 18.
17
Let x(y) = -y**2 - 86*y + 1661. Calculate the remainder when x(-40) is divided by 18.
9
Let c = 151 - 80. Calculate the remainder when c is divided by ((-25)/(-15))/(6/(-18)) + 23.
17
Suppose -11*q = -72 - 16. Suppose -q*o + 13*o = 5*g + 2075, 5*g - 1678 = -4*o. Calculate the remainder when o is divided by 84.
81
Suppose -w - 4*w = -165. Suppose -103*z + 46 = -100*z - t, 0 = -4*z + 6*t + 66. Calculate the remainder when w is divided by z.
3
Let b = -1463 + 2139. Let l = b + -319. Calculate the remainder when l is divided by 20.
17
What is the remainder when ((-2)/(-7))/((-44)/1309)*(-4 - -2) is divided by 10?
7
Let k(r) = -r**3 + 7*r. Let i be k(0). Suppose -2*y + 13 - 3 = i. What is the remainder when 79 is divided by y?
4
Let l(c) = 9*c**2 - 59*c - 16. What is the remainder when l(8) is divided by 19?
12
Let j = 133 + -120. Suppose w - j*w = -3252. What is the remainder when w is divided by 28?
19
Suppose 17*o - 16*o = 12. Suppose -5*p - d + 115 = 0, 3*d = 5*p - 115 - 0. Suppose -c + p + 23 = 0. What is the remainder when c is divided by o?
10
Suppose 121*p - 2865 - 13203 = -85*p. What is the remainder when p is divided by 78?
0
Let t be -3 - (306/(-90) + (-2)/(-5)). Suppose 0 = -5*p - 10 + 20. What is the remainder when (-4 - -6)/(t + p/16) is divided by 9?
7
Let t = -134 - -343. Let r(a) = -a**2 + 20*a + 1670. Calculate the remainder when t is divided by r(52).
5
Let b = -8351 - -8536. Calculate the remainder when b is divided by 59.
8
Suppose 62 = -u + 59, t - 5*u - 28 = 0. Suppose 5*y = -4*i + 91, 2*y + 10 = -0*y. What is the remainder when i is divided by t?
3
Suppose 5*w - 151 = -3*m, -2*w + 239 = -3*m + 8*m. Calculate the remainder when m is divided by 34.
13
Suppose 87219 + 100461 = 15*i. Suppose -32*s - 1088 = -i. Calculate the remainder when s is divided by 40.
37
Suppose 18 = 2*w - 7*m + 11*m, 0 = -w - m + 9. What is the remainder when 314 is divided by w?
8
Suppose -1932*s = -1935*s. Suppose s = i - 454 + 449. What is the remainder when 242 is divided by i?
2
Suppose -3*t = 2*t - 235. Suppose -2*u + 2019 = -3*h + 1996, 0 = -2*h + 2. Calculate the remainder when t is divided by u.
8
Suppose 6*s + v = 9*s - 4769, -3*s + 4*v + 4748 = 0. Calculate the remainder when s is divided by 38.
34
Suppose -l + 2 = -1. Suppose 0*t + 176 = 4*t - 2*p, -l*p - 12 = 0. Calculate the remainder when (-1 - -33)*21/t is divided by 3.
1
Let w be (-6)/(-10) + (-71974)/265. Let m = 440 + w. What is the remainder when m is divided by 89?
80
Let g = -167 - -232. Let v(a) = 2*a**3 - a**2 + 1. Let p be v(1). Let o = 19 - p. What is the remainder when g is divided by o?
14
Let g = -988 - -557. Let f = g - -459. Calculate the remainder when 96 is divided by f.
12
Let i(p) = -12*p + 84. Let o be i(7). Suppose o = 10*q - 46 - 64. Calculate the remainder when 241 is divided by q.
10
Let j(i)